1 + 6*l**2 - 11*l**2. Determine o(3).
1
Let i(g) be the second derivative of 0 - 8*g - 1/6*g**3 + 3/2*g**2. Let z(c) = c**3 - 4*c**2 - c - 1. Let l be z(4). What is i(l)?
8
Suppose 0 = 67*r - 68*r + 3. Let b(x) = -3*x**2 + 4. What is b(r)?
-23
Let d(o) = 1 - o**3 - 3*o**2 - 4*o - 3*o**2 - 5. Suppose 50 = -5*z + 4*a, 4*z = 77*a - 82*a + 1. What is d(z)?
20
Let m(k) = k**2 - 6*k + 3. Let b be (-1)/(-3 - (-8)/3). Suppose -b*h - 3*q = -h - 14, 0 = -3*h - 5*q + 21. What is m(h)?
10
Suppose -3*u - 2*p = 16, 2*p - 1 + 7 = 2*u. Let i(y) = -y**2 + y + 2. Calculate i(u).
-4
Suppose 0*d - 5*t = d + 4, -5*t = 15. Let v(x) = 6*x - 1 - 2 - d*x - x**2 - 2. Calculate v(-4).
-1
Let c(p) = p**2 + 2 - 6*p**3 + 17*p**3 - 3. Calculate c(1).
11
Suppose -3 = 2*n - 9. Let f(a) = a - 6 + n - 2*a. Let o(z) = -12*z + 209. Let t be o(18). What is f(t)?
4
Suppose -2*x + u = -23, x - 2*u - 29 = -10. Let h(y) = -y + 12 + 7 - 4. Give h(x).
6
Let d(n) = 4*n - 2. Let h be 7/(-21) - 14/(-6). Let k be h - (-5)/(-10)*8. Determine d(k).
-10
Let a(y) be the first derivative of -y**2 - 3*y + 57. Give a(4).
-11
Let w = -6 - -19. Let o = -17 + w. Let i(h) = h**2 + 3*h + 6. Give i(o).
10
Suppose -3*x = -3*d - 0*x, 3*x - 3 = 0. Let r(c) = 3*c**3 + c**2 + c - 2. Give r(d).
3
Let p(f) = -5*f - 3 + 10066*f**2 - 10065*f**2 - 3*f + f. Suppose -2*l + 2*t = -6, -2*t = 3*l + 7 - 26. Calculate p(l).
-13
Let o(r) be the second derivative of r**5/20 - r**4/3 - r**3/6 - 3*r**2/2 + 2*r. Let w(h) = h**3 - 8*h**2 + 19*h - 16. Let b be w(5). What is o(b)?
-7
Let o(a) be the first derivative of -a**2/2 - 23*a + 300. Calculate o(-15).
-8
Suppose 0 = -0*r - r. Suppose r = -2*f + 5 - 1. Suppose 5*a - 22 = -2*p, -1 = -f*a + 7. Let q(n) = -2*n. Calculate q(p).
-2
Let z(l) = -2*l - 8. Let r(b) = 5*b + 38. Let o be r(-6). Determine z(o).
-24
Suppose 0 = -3*z + 5*v - 18, 3*z + 5*v + 3 = -15. Let y(a) = 40*a + 68. Let l(x) = 9*x + 16. Let u(d) = 9*l(d) - 2*y(d). Calculate u(z).
2
Let a = 32 - 34. Let r be a*12/8 - -2. Let z(q) = -5*q**2 + q. Determine z(r).
-6
Let i(p) = -9*p**2 + 15 - 41*p + 44*p + 10*p - p**3. Determine i(-10).
-15
Let f(u) be the first derivative of -u**4/4 + 2*u**3 - 4*u + 184. Suppose 0*s = d - 2*s, 0 = -2*d + 2*s + 6. Calculate f(d).
-4
Let l(q) = 34 + 27 + 30 + q**3 - 6*q**2 + 6*q - 85. Determine l(5).
11
Let t = 618 - 609. Let q(g) = -4*g**2 + 3*g**2 - 2*g + 12*g. Give q(t).
9
Suppose 3*n - 1 = -19. Let v(l) = 3*l - 3. What is v(n)?
-21
Let f(t) = -5*t - 5. Let i(v) = -4*v - 2. Let m(l) = -5*f(l) + 6*i(l). Calculate m(-6).
7
Let l(x) = x**3 - 2*x + 1. Let j(u) = -3*u**3 + u**2 - 3*u + 1. Let a(t) = j(t) - 2*l(t). What is a(1)?
-4
Suppose -y + 1 - 4 = 0. Let b(n) be the second derivative of n**5/20 + n**4/6 + 2*n**3/3 - n**2/2 + 6*n. Determine b(y).
-22
Let m(t) be the third derivative of -1/24*t**4 - 2*t**2 + 0*t + 2/3*t**3 + 0. Suppose 0 = -14*p + 6*p + 40. Give m(p).
-1
Let x(f) = -f - 6. Let g be x(-10). Suppose -g*n = -2*n - 2. Let w(d) = -3*d - n + 1 + 4. Give w(3).
-5
Let i(k) = -k + 18. Let g = -689 + 695. Determine i(g).
12
Let d(z) = -z + 7. Suppose -j + 11*u - 7*u = 14, 0 = -2*u + 4. Give d(j).
13
Let m(o) = 20*o**2 - 4 + 10*o - 41*o**2 + 22*o**2. What is m(-9)?
-13
Let f(l) = 0 - 5 + 3 + 5*l + 3. Let w be 4/8 + 1/(-2). Let p = w + 2. Determine f(p).
11
Suppose -316*s - 36 = -310*s. Let k be 0*(0 - 1/(-2)). Let x(i) = -10 + k - 2*i + 1. What is x(s)?
3
Let n be 2/(-4) + (-27)/6. Let y(s) = 64 - s + 66 - 131. Give y(n).
4
Let i(r) = r**3 - r. Let j(y) = -4*y**3 + 6*y**2 + 10*y + 1. Let x(a) = -5*i(a) - j(a). Let s(u) = u**2 + 32*u + 202. Let n be s(-23). Determine x(n).
-1
Let p(f) be the third derivative of f**6/120 + f**5/30 + f**4/24 - f**3/6 - 5*f**2 + 4. What is p(-2)?
-3
Let k(l) be the second derivative of l**5/20 + 2*l**4/3 + 5*l**3/3 - 3*l**2/2 + 74*l. Determine k(-7).
-24
Let a(x) = -2*x + 4. Let v(u) = -u**2 + 29*u + 55. Let h be v(-2). Calculate a(h).
18
Let o(c) be the first derivative of 1/3*c**3 - 5/2*c**2 + 0*c + 10. Give o(6).
6
Let y(b) = b**2 + 15*b + 44. Let o be y(-11). Let r(s) = s**2 - 4*s + 1. Let a(f) = -f**2 + 5*f - 1. Let v(q) = 4*a(q) + 5*r(q). Calculate v(o).
1
Let v(r) = -223*r**2 + 0 - 2*r + 5 + 446*r**2 - 224*r**2. Calculate v(-4).
-3
Let p(c) be the third derivative of -19*c**6/120 - 2*c**2 - 61*c. What is p(-1)?
19
Let z = -489 - -494. Let d(n) = n**2 - 3*n - 5. Determine d(z).
5
Let u(h) be the third derivative of -5*h**4/24 - h**3/6 - 40*h**2. Let i(s) = 3*s + 1. Let p(z) = -4*i(z) - 5*u(z). Calculate p(-2).
-25
Let m = -330 - -327. Let t(n) = -7*n**2 - 4*n - 3. Calculate t(m).
-54
Let d = -314 - -303. Let y(a) = -2*a**2 - 23*a - 9. Give y(d).
2
Let i be 3/6 - (-123)/(-6). Let v = -19 - i. Let q(w) = -4*w**2 + v - w + 5*w**2 + 5 - 4. Calculate q(0).
2
Let l(v) = -55044*v + 4*v**2 + 55044*v. Determine l(2).
16
Let c(o) = o**3 - 7*o**2 + 6*o + 8. Suppose -4*z + 1 = 5*p, 4 = -4*z - 3*p - p. Let g be -3 - z - 3*-1. What is c(g)?
8
Suppose 2*u - 3*c - 6 = -4*c, -5*u = 3*c - 14. Suppose 109 - 113 = u*p. Let g(v) = -v**2 - v. What is g(p)?
0
Let t(f) be the third derivative of -7*f**4/8 - f**2. Let j be -259 + 262 + (-1 - 1)/1. Calculate t(j).
-21
Let r(y) be the first derivative of -12 + 3/2*y**2 + y. Calculate r(2).
7
Let x = 46 - 24. Let d = -19 + x. Let m(r) = r**2 - 3*r + 2. Determine m(d).
2
Let p(o) = -o**3 + o**2 + o + 16. Let f(h) = 2*h**3 - h**2 + 2*h - 1. Let g be f(1). Let y(b) = 5*b - 75. Let x be y(15). Suppose -g*z + z = x. Calculate p(z).
16
Let b(n) = n**3 - 9*n**2 - 10*n + 19. Let i be b(10). Let l(r) = 7*r - i*r - r - 6 + 8*r. Determine l(-6).
24
Let u(b) = b + 14. Let x be (-47)/7 - (-4)/(-14). Let m(j) = -5. Let c = -26 - -24. Let l(s) = c*u(s) + x*m(s). Determine l(7).
-7
Let h(g) = 2*g**2 - 6*g - 5. Let l(t) = 5*t**2 - 11*t - 11. Let p(f) = 9*h(f) - 4*l(f). Let u(n) = n**2 + 5*n + 1. Let i(v) = -3*p(v) - 7*u(v). Determine i(-4).
0
Let m(t) = -35*t**2 + t. Let j(z) = z**3 + 8*z**2 - 2*z - 17. Let r be j(-8). What is m(r)?
-36
Suppose -2*u - 2*f + 8 = 0, -18 = -3*u + 2*f + f. Let s(c) = -c**3 + 5*c**2 - 6*c + 2. Determine s(u).
-28
Let n(h) = -7*h**3 + h**2 - 2. Suppose 5*t + r - 2 + 8 = 0, 2*t - 3 = 5*r. Determine n(t).
6
Let k(c) = 20*c**2 - 9*c - 21*c**2 - 1 + 10 + 0*c - 3. What is k(-10)?
-4
Let v(w) = -4*w**2 - w**3 + 1 - 4 + 5*w + w. Let q = 252 - 257. What is v(q)?
-8
Let x(s) = s**3 - 7*s**2 - 6*s - 9. Suppose 0 = 11*q - 14*q + 9. Suppose 21 = q*n + k, -n = 3*n + 5*k - 17. Calculate x(n).
7
Let x(j) = 185*j**2 + 143*j**2 - 6*j - 329*j**2 - j. Let q = -18 - -13. Determine x(q).
10
Let z(x) be the third derivative of x**5/60 + x**4/12 - x**3/2 + 23*x**2 + 77*x. Suppose 13 = -4*k - 3. Determine z(k).
5
Let w(x) = -4*x - 28. Suppose -25*k = -31*k - 54. Let n be w(k). Let b(r) = 2*r - 10. What is b(n)?
6
Let j(w) = 5 + 2 + w - 2*w + 0. Let i(n) = -2*n + 15. Let t(b) = -6*i(b) + 13*j(b). What is t(4)?
-3
Let g be -2*(-3 + -2 + (0 - -4)). Suppose c - 3*d - 18 = 0, d + 8 = 3*c - g*c. Let z(a) = -3*a**2 + 5*a - 2. Determine z(c).
-14
Let b(p) = 4*p + 10. Let k(v) = 4*v + 12. Let z(m) = 4*b(m) - 3*k(m). What is z(3)?
16
Suppose -994 + 1010 = -4*d. Let b(y) = 1 - 4*y + 3*y - 2. Determine b(d).
3
Let s(n) = -n + 3. Suppose 4*j - 7 = 2*p + 3, -4*j + 7 = -3*p. Suppose 30 = 4*h + 5*i, 0*i = j*h + 3*i - 26. Suppose y - 9 = -h. What is s(y)?
-1
Let r(m) be the third derivative of 19 + 5/12*m**4 + 5/3*m**3 - m**2 - 11/60*m**5 + 0*m + 1/120*m**6. Determine r(10).
10
Let a(p) = 9*p**2 - 13*p - 3. Let x(o) = 7*o**2 - 10*o - 4. Let v(u) = -3*a(u) + 4*x(u). Determine v(4).
5
Let q(w) = 2*w**3 - 2*w - 1. Let z = -30 - -35. Suppose -o + a + 2*a = -z, -5*o + 2*a = 1. Calculate q(o).
-1
Let i(a) = -a**3 - 22*a**2 + 21*a - 53. Let p be i(-23). Let h(k) = k - 3. Give h(p).
-10
Let x(i) = 4*i + 10. Let a(n) = 3*n + 9. Let j(w) = -6*a(w) + 5*x(w). Suppose 3*h = -m - 13 - 16, -4 = -4*m. Let q = -6 - h. Determine j(q).
4
Let r(g) be the second derivative of g**3/6 - 13*g**2 + 505*g. Give r(25).
-1
Let c(z) = 0*z**2 + 2 + z + 2*z**2 + 0. Let f(w) = -10*w**2 - 72*w - 16. Let p be f(-7). What is c(p)?
8
Let p(c) be the first derivative of 2*c + 25 - 1/2*c**2. Give p(10).
-8
Let o be (-1)/(-60)*(-6)/(-3). Let y(d) be the third derivative of 0 + 0*d - 3*